t a(c) = -c**3 + 2*c**2 + 5*c + 1. Let m(j) = -j**2 - 15*j + 10. Let f be m(-14). Suppose 4*b + 2*b = f. What is a(b)?
-11
Let y(h) = -h**2 + 1. Suppose 4*n = -4*p - 36, -42 = 4*n + n + 4*p. Let a = -9 - n. Calculate y(a).
-8
Let c(j) be the first derivative of -j**2/2 - 2*j + 18. Let x(p) = -p - 9. Let l be x(-14). Determine c(l).
-7
Let t(f) be the first derivative of -2*f**2 + 4*f - 184. Give t(3).
-8
Let u(m) be the third derivative of 7/6*m**3 + 1/6*m**4 + 0*m + 0 - 15*m**2. Suppose -5*h - 30 = -5. Give u(h).
-13
Suppose -2*v - 2 - 2 = 0. Let p be v/(-3) + (-13)/(-3). Let m be (5 - 0)*(-6)/p. Let s(z) = -z**3 - 5*z**2 + 5*z. What is s(m)?
6
Suppose 7 = 4*j - 1. Let y(u) = 93*u - 39*u - u**j - 48*u - 4. What is y(3)?
5
Let g(f) = f**2 - 14*f - 36. Suppose -274 = 7*a - 386. Determine g(a).
-4
Let j(g) = -g**3 + 5*g**2 + 7*g - 4. Let m = -69 + 100. Suppose -5*y + m + 14 = 0. Let b = -3 + y. Give j(b).
2
Let p(s) = -104*s**2 + 0 + 105*s**2 - 5 + 7. Calculate p(0).
2
Let x(p) = 5*p**2 - p - 6. Let q(a) = a**3 - 5*a**2 + 2*a + 7. Let d(z) = -2*q(z) - 3*x(z). Determine d(-3).
16
Let c(q) be the third derivative of -q**7/840 - q**6/60 - q**5/40 + 19*q**3/6 - 37*q**2. Let s(j) be the first derivative of c(j). Determine s(-6).
18
Suppose 5*j + 9 = 8*j. Suppose -j*h + 3*t - 27 = -0*h, -3*t = 5*h + 5. Let b(w) = w**3 + 5*w**2 + 3*w - 5. Determine b(h).
-1
Let h be 1 + (-16)/(-4) - -1. Let n(a) = -a**2 + 10*a - 7. What is n(h)?
17
Suppose 0*n - 3*n - l = -10, -4*n = -2*l - 10. Let w(j) = -2*j**2 + 7*j - 3. Calculate w(n).
0
Let o be (-11)/(-4) - 9/(-36). Let p be 7/6 + o/(-18). Let h(m) = -m**2 + 2. Let t(w) = 2*w**2 - w + 12. Let z(c) = -6*h(c) + t(c). What is z(p)?
7
Let c(m) = -4*m - 2. Let l(n) = -3*n - 10. Let k be l(-4). What is c(k)?
-10
Suppose 8*t - 20 = 12. Suppose t*d = -2*q - 18, -6*q = -2*q - 2*d + 16. Let h(g) be the first derivative of 3*g**2/2 - g + 1. Determine h(q).
-16
Let a(u) = 2 - u - 5*u + 5*u. Suppose 54 = 23*j - 63 - 21. What is a(j)?
-4
Let l(n) be the second derivative of 2/3*n**3 + 0 + 3*n**2 + 1/24*n**4 - 1/120*n**6 + n - 1/15*n**5. Let k(m) be the first derivative of l(m). What is k(-4)?
0
Suppose -3*k - 4*m + 8 = 0, 0*m = 2*k - 5*m - 36. Suppose -13 = -3*r + k. Suppose q - r + 3 = 0. Let g(u) = 2*u - 1. What is g(q)?
7
Let m(t) = t**3 - 4*t**2 + 3*t - 3. Suppose 8 = 9*h - 7*h. Calculate m(h).
9
Let w(j) = -j**3 - 5*j**2 + 3*j + 1. Suppose 0 = 4*b + 2*c + 198, 2*b + 39 = b - 4*c. Let o = b + 46. Determine w(o).
-14
Let m be (-6)/(-5)*80/24. Suppose 5*a - 2 = 2*y, m*a = 3*a + 3*y - 10. Suppose a*v = -3*v - 15. Let d(x) = -x - 4. What is d(v)?
-1
Let s(l) = -4*l**2 + 7*l + 10. Let a(r) = 3*r**2 - 5*r - 9. Let d(j) = 3*a(j) + 2*s(j). Give d(3).
-1
Let x = -371 + 373. Let s(i) be the second derivative of -1/6*i**3 + 3*i + 0 + 0*i**x. Give s(-6).
6
Let t(y) = 14*y**2 - y + 1. Let z(v) be the first derivative of 2*v**3/3 - v**2/2 - 2*v + 5. Let l be z(-1). Calculate t(l).
14
Let z(g) = -2*g + 4. Let t be z(0). Let s = -1 + t. Let i(m) = -1 + s*m - m - 4*m - 5*m**2. What is i(-1)?
-4
Let g(t) = -193*t**3 - 5*t**2 + 6*t + 2. Let n(q) = 32*q**3 - q**2 - q + 2. Let p(d) = -g(d) - 6*n(d). Suppose 0 = 2*k - 7 + 29. Calculate p(k).
-14
Let z(b) = b**3 + 4*b**2 - 2*b - 2. Suppose -3*c = -l, 2*l - 43 = -c - 50. Give z(l).
13
Let s(h) = -2*h**2 - 3*h + 13*h**3 - 4*h**3 + 2 - 8*h**3. Let v be s(3). Let w(a) = v + 0 + 6*a - 3. Determine w(-1).
-7
Let t(s) be the second derivative of -s**4/12 + 4*s**3/3 - 5*s**2/2 + 13*s + 2. Give t(7).
2
Let w be 14 - (6/7)/(22/154). Let y(c) = -c + 1. Calculate y(w).
-7
Suppose 2*d = -4*o + 6, -5*o + 4*d + d = 15. Suppose 7*r - 58 + 16 = o. Let h(z) = z**3 - 5*z**2 - 4*z - 4. Determine h(r).
8
Let x(h) = -h**2 + 5*h + 2. Let y = -11 - -14. Suppose -14 = -y*u + 5*n, -u + 3 = -4*n - 11. Let m be -3*(-6 - (u + -2)). What is x(m)?
-4
Let i(q) = 18*q**3 - 13*q - 13*q**3 - 4*q**3 + 1 + 0*q**2 - 11*q**2. Give i(12).
-11
Let i(p) = p**2 - 14*p + 22. Let z(a) = -a**2 + 26*a + 325. Let r be z(35). What is i(r)?
-18
Let t(k) = 0*k + k - 137*k**2 + 131*k**2 + 2. Give t(-2).
-24
Let o(v) = -v**2 + 6*v + 6. Let u(d) = 1. Let m(q) = o(q) - 2*u(q). Give m(3).
13
Let x(g) = g**2 + 5*g + 2. Let h be x(-5). Let b(s) be the third derivative of -s**6/120 + s**5/20 - s**4/12 + s**3/2 + 95*s**2 - 2. Give b(h).
3
Let t(x) = 9*x + 12. Let k(s) = 4*s + 6. Let r(d) = 7*k(d) - 3*t(d). Suppose -3*i + 21 = 2*b, 0 - 3 = b - 3*i. Suppose 0 = 7*l - b*l. Determine r(l).
6
Let m(n) = -n**2 + 3*n + 59. Let k be m(9). Let q(p) = -p**3 + 4*p**2 + 2*p + 16. What is q(k)?
1
Suppose -15 = -5*a - 0*a. Let s be 6 - (a + -1 + 1). Let r(g) = g + 2. Calculate r(s).
5
Let n(g) = -g**3 - g**2 + 2*g - 56. Let a(f) = f**3 + f**2 - 2*f + 45. Let r(i) = -5*a(i) - 4*n(i). Let u = 1 - 0. Determine r(u).
-1
Let y(r) = -5*r. Let o(w) = -26*w - 1. Let k(p) = 2*o(p) - 11*y(p). Determine k(2).
4
Let a(u) = 0*u**2 + u**2 + 12*u - 4 - 2*u**2. Let r be a(11). Let w(y) = r*y + 4 - 2*y**3 - 3 + 5*y**2 + y**3. Calculate w(6).
7
Let s(b) = 2*b + 37. Let v = -726 + 709. Give s(v).
3
Let b(j) = -7*j. Let v(l) = l**2 + 18*l - 1. Let d be v(0). What is b(d)?
7
Let o(a) = 5*a - 1. Let k be o(4). Let t = -53 - -37. Let x = k + t. Let b(h) = -3*h + 3. What is b(x)?
-6
Let f(x) be the second derivative of -1/12*x**4 - 1/2*x**3 + 3/2*x**2 + 0 + 8*x. Let t(r) = -r**2 + 2*r + 5. Let i be t(4). Calculate f(i).
3
Suppose 21*o + 24 + 18 = 0. Let k(x) be the first derivative of 5*x**3/3 + x**2/2 + 2*x - 1. Determine k(o).
20
Let f(g) be the first derivative of -g**4/4 - 7*g**3/3 - g**2 - g + 52. What is f(-6)?
-25
Let w be ((-16)/(-10))/(26/(-195)). Let t = 13 + w. Let q(j) = -8*j**2 - 1 + 8*j**2 + 2*j**2 - 3*j**2. What is q(t)?
-2
Let s(r) be the first derivative of r**3/3 - 7*r**2/2 - 6*r + 2. Let v(h) = -2*h**2 + 69*h + 191. Let k be v(37). What is s(k)?
-12
Let p(c) = c**3 + 2*c - 2. Let t(k) = -14*k - 28. Let r be t(-2). What is p(r)?
-2
Let q(y) = y. Let z(i) = -7*i + 5. Let u(w) = 6*q(w) + z(w). Let k = 4 + 2. Calculate u(k).
-1
Let y(d) = d + 1. Let a(u) = u**2 + 3*u + 18. Let j(x) = a(x) - 6*y(x). Let r(h) be the first derivative of j(h). What is r(-5)?
-13
Let k = 3 - 1. Let x(n) = -4*n**k + 8 + 1 + 3*n**2 - 8 - n. Let v be 2/14 - (-8)/(-7). What is x(v)?
1
Let r = -29 - -41. Suppose 3*m - 2*p + r = 0, 0 = -4*m - 5*p - 17 - 22. Let y(c) = c - 3. Determine y(m).
-9
Let k(m) = -126*m - 146*m - 8 + 270*m. Give k(-2).
-4
Let m(q) be the third derivative of -q**6/120 + q**5/20 + q**4/6 + q**3/2 + 19*q**2 - 1. Give m(4).
3
Let h(s) = s**3 - 4*s. Let f(q) = 5*q**3 + 3*q**2 - 22*q + 2. Let r(p) = f(p) - 6*h(p). Give r(4).
-6
Let t(k) = -k**3 + 6*k**2 - 2*k - 5. Suppose -15 = 4*u + 3*a, -2*a = u + 2 + 8. Suppose 3*x + 7 - 22 = u. Calculate t(x).
10
Let k be (8/7)/((-99)/21 - -5). Let h(x) = -8*x**3 - 4*x**2 - 6*x + 21. Let f(r) = -3*r**3 - r**2 - 2*r + 7. Let b(j) = k*h(j) - 11*f(j). What is b(5)?
-3
Let a(d) be the third derivative of -2*d**6/15 + d**5/30 - d**3/6 + 2*d**2 + 26. Let n be 1 + 2 + (-6 - -2). Give a(n).
17
Suppose -6*z + 18 + 12 = 0. Let l(q) = -4*q**2 + 2*q - 2. Let f(x) = x**3 - x**2 - x. Let m(n) = f(n) + l(n). Give m(z).
3
Let y(x) = x + 13. Let h(s) = 6*s + 42. Let l(r) = -r - 1. Let z(o) = -h(o) - 3*l(o). Let p(w) = -17*y(w) - 6*z(w). Give p(0).
13
Let t(j) = 2*j + 13. Suppose 84*o = 94*o + 110. Give t(o).
-9
Suppose 3*s - 11 = 1. Let h(p) = 5*p**2 - 5*p - 1. Let r(d) = 4*d**2 - 5*d - 1. Let y(i) = s*r(i) - 3*h(i). Suppose -2*b - 5 = -3*b. What is y(b)?
-1
Let u(d) = 6*d**2 - d + 1. Let w(k) = 11*k**2 - 2*k + 2. Let i(a) = 5*u(a) - 2*w(a). Suppose 0 = 4*l + l - 5. Give i(l).
8
Let r(q) = 81*q + 81*q - 146*q - 1. Give r(-1).
-17
Suppose -3*b = o - 19, -19*o = -15*o - 2*b - 20. Let l(a) be the second derivative of -1/12*a**4 + 0 + 0*a**2 + 0*a**3 - o*a + 7/20*a**5. Calculate l(-1).
-8
Suppose f + 7 = 2*s - 4, 3*f = -4*s - 3. Suppose -28 + 37 = -s*a. Let p(l) = l + 3. Determine p(a).
0
Let p(z) = -z**2 - 11*z + 26. Let v be p(2). Let i(j) = j**3 - j**2 - j - 1. Determine i(v).
-1
Let c(d) be the first derivative of -d**3/3 + d**2/2 + d + 5. Let k(w) = 2*w**2 - 5*w - 5. Let g(l) = -6*c(l) - k(l). Determine g(2).
13
Let o be (4 - (-45)/(-10))*-6. Suppose 0 = o*n 